2 - 7*c - 9. Suppose 0 = -4*i - 3 - 13. Let x be t(i). Suppose 2*d - 2*p + 24 = 2*p, 5*p + x = -3*d. Let k(j) = j**2 + 6*j - 8. Determine k(d).
-8
Suppose 3*i - 2*i - 2*r - 8 = 0, -r = -5*i + 4. Let m(o) = -7 + i + 1 - o. Let s(h) = -h**3 + 7*h**2 + 8*h. Let x be s(8). Determine m(x).
-6
Let o(d) be the second derivative of -d**8/6720 + d**7/315 - d**6/80 + d**5/20 + 5*d**4/4 + 16*d. Let g(i) be the third derivative of o(i). What is g(6)?
24
Let w(n) = n**2 + 4*n. Let v be (-135)/18*2/(-3). Suppose -k - 2*k = -r + 17, 35 = 3*r - v*k. Let i be (-6)/r*(-20)/(-8). Give w(i).
-3
Let f(y) = -5*y - 42. Suppose 2*x = -3*q - 26, -3*q = -5*x + 23 - 4. Determine f(q).
-2
Let q(u) = -u**2 - 4*u + 6. Suppose 23 = -5*t - 2*s - 2, 4*t + 20 = 5*s. Give q(t).
1
Let r(u) = -15*u**2 - 17*u + 13. Let q(v) = -2*v - 3*v**2 - 6*v - 4*v**2 + 6 + 0*v. Let c(h) = -13*q(h) + 6*r(h). Determine c(-4).
8
Let g be 8*(-4)/(64/(-6)). Let r(y) = 9*y**2 + 24*y**3 - 2*y**2 - 23*y**3 + 10 + g*y. Give r(-7).
-11
Let u(v) be the first derivative of -11*v**3/3 + 3*v**2/2 - 2. Let p(g) = -5*g**2 + 2*g. Let h(i) = 5*p(i) - 3*u(i). Calculate h(-1).
7
Let u(p) = p - 4. Let d be u(6). Let q(n) = -3 + 1 - 2*n - 11*n**2 + 12*n**d - 1. What is q(5)?
12
Let s(i) = -i - 8. Suppose 0 = 17*l + 22 + 182. What is s(l)?
4
Let f(k) be the second derivative of k**4/4 - k**3/6 + 11*k**2/2 - k. Let p(u) = 13 - 35*u + 8 + 5*u**2 + 34*u. Let j(h) = -7*f(h) + 4*p(h). Give j(5).
-3
Let s(v) be the first derivative of v + 15 + 3/2*v**2. Calculate s(1).
4
Suppose 0*u + 3*u = 9. Let c(q) = 25*q - 14. Let v(b) = -9*b + 5. Let a(f) = 3*c(f) + 8*v(f). Determine a(u).
7
Let l(b) be the second derivative of b**4/24 + 11*b**3/6 + 5*b**2 + 7*b. Let r(f) be the first derivative of l(f). Give r(-6).
5
Let p = 19 - 14. Let h(i) = -3*i + 18. Let t be h(p). Let k be 2/6 - t/9. Let g(u) = -u + 21. What is g(k)?
21
Let f(y) = -y**2 - 5*y + 6. Let i = -44 - -39. Calculate f(i).
6
Let c be 351/(-65) - (-3)/(-5). Let l(a) = 9 + 6*a - 9*a + 6*a. What is l(c)?
-9
Let l(q) = -2*q**2 + 5*q**3 - 5*q**3 + 1 - 7*q**3. Let t(f) = f**3 - 5*f**2 + 3*f - 3. Let z be t(3). Let h = z + 13. Determine l(h).
-8
Let w(b) be the third derivative of b**5/60 + 5*b**4/24 + b**3/3 + b**2. Suppose 31 + 11 = -7*m. Give w(m).
8
Let j(f) = 21*f + 5. Let x(t) = 46*t + 10. Let z(b) = -13*j(b) + 6*x(b). Determine z(6).
13
Let t(h) = -5*h**2 + 0*h + h + 0*h. Let z(l) = 9*l + 89. Let g be z(-10). Give t(g).
-6
Let f(m) = 13*m - 593. Let i be f(45). Let t(y) = y**3 + 7*y**2 - 6*y + 13. Calculate t(i).
-3
Let d(n) = n - n - 10 + 5*n**2 - 4*n**2 - n. Let f be -3*(2 + -1) + 3. Determine d(f).
-10
Let l(d) = -d**2 + 16*d - 4. Let k be l(16). Let z be ((-7)/5)/(k/20). Let f(i) = 2*i - 8. What is f(z)?
6
Suppose 17*z = 18*z + 7. Let g(x) = -x - 8. Determine g(z).
-1
Let n(k) = -9*k - 8. Let b(i) = -2*i - 1. Let s(a) = -4*b(a) + n(a). What is s(0)?
-4
Let c(h) = -3*h + 4. Suppose 44 = -2*w + 6*w. Let n(b) = -8*b + 13. Let d(a) = w*c(a) - 4*n(a). Let k be 18/4*(-8)/(-6). Determine d(k).
-14
Let y(b) = b**2 + 6*b - 6. Suppose 0 = -g + 3*g - 4. Suppose g*d - 13 = 3*d + 4*q, -q - 27 = 5*d. Calculate y(d).
-11
Let x(i) = -8*i - 57*i**2 + 6 + 27*i**2 + 31*i**2. Let v = -151 - -155. Determine x(v).
-10
Let d(f) be the first derivative of -f**3/6 - 3*f**2 - 6*f + 9. Let h(n) be the first derivative of d(n). Calculate h(0).
-6
Let n(q) = q**3 + 8*q**2 - 12*q - 17. Let v be n(-9). Let p(j) = -j + 7*j + 2*j - v - j**2 - 3*j. Calculate p(7).
-24
Suppose -28*f + 31*f = 915. Let y(v) = -2 + 101*v + 103*v - f*v + 99*v. Determine y(6).
-14
Suppose 0 = -4683*z + 4677*z + 24. Let d(f) = -f**3 + 7*f**2 - 4*f - 4. Give d(z).
28
Let v(b) = -b**2 + 2*b - 3. Let q(a) = -a**3 + a**2 - a + 1. Let u = -3 - -1. Let p = -1 - u. Let y(f) = p*v(f) + q(f). Calculate y(2).
-8
Suppose -27*f = -22*f + 15. Let m(j) be the second derivative of -j**4/12 + 2*j**2 + 6*j. Determine m(f).
-5
Let q(v) = 6*v - 3. Suppose -x + 194 = 199. Calculate q(x).
-33
Let o be 2 + 6 - (-12)/(-4). Let f(c) be the second derivative of -2*c + 0 + 1/6*c**3 + c**2. What is f(o)?
7
Suppose -20 = 4*g - 4*i, g - 2*g + 2*i = 6. Let p(m) be the first derivative of m**4/4 + 5*m**3/3 + 2*m**2 - 5*m + 3. What is p(g)?
-5
Suppose -5*v + 3*m = -0*m - 84, -4*m - 12 = 0. Suppose o = 6*o - v. Let u(x) = 0*x**2 + 2*x**2 - 11 + 3 - o*x**2. Give u(0).
-8
Let b(p) = 5*p**3 - 2*p**2 - 11*p + 3. Let u(m) = 11*m**3 - 5*m**2 - 23*m + 6. Let v(q) = 13*b(q) - 6*u(q). Let y be (0 - 1)*(-5 - -2). Determine v(y).
-3
Let q be (45/105)/(2/7). Let v(c) be the second derivative of 0 + q*c**2 + 2/3*c**3 + 4*c. What is v(-4)?
-13
Let x(u) = u**3 - 4*u**2 - 7*u + 12. Let f be (13 - (5 - 4)) + -7. What is x(f)?
2
Let q(u) = 2. Let w(g) = g + 1. Let i(b) = -4*q(b) + w(b). Calculate i(3).
-4
Let i(t) = -2*t**2 + 5*t - 6. Let b(v) = -v**2. Let f = -42 + 39. Let y(u) = f*b(u) + i(u). Let x = 9 - 15. Determine y(x).
0
Let f(m) = m**2 - 2*m. Let j be f(2). Let p(s) be the third derivative of s**4/24 + 7*s**3/2 + 2*s**2 + s + 1097. Calculate p(j).
21
Let m(u) = u**3 + 2*u**2 + 4*u + 2. Suppose -4*s = -6*s + 4. Suppose 3*g - s = -d + 6, 4*g = 2*d + 14. Suppose 10 = g*j - 8*j. Determine m(j).
-6
Let q(z) = 10*z - 35 + 2*z + 45 + z - 6*z. Give q(6).
52
Suppose 26*f - 24*f + 2*t = -2, 11 = -f + t. Let m(r) be the third derivative of -r**6/120 - r**5/12 + 7*r**4/24 - r**3/3 + r**2. Give m(f).
-8
Suppose -44*z = 43 + 221. Let g(i) = 3*i + 24. Give g(z).
6
Let r(a) be the second derivative of a**4/12 + 17*a**3/6 + 13*a**2/2 + 708*a. Calculate r(-13).
-39
Let f(m) = m**2 + 7*m - 7. Suppose 0 = 3*w - s + 2*s + 26, -3*w - 2*s - 31 = 0. What is f(w)?
-7
Let a(p) be the third derivative of -p**6/120 + p**5/60 + p**4/24 + 19*p**3/6 - 3*p**2 - 85*p. Give a(0).
19
Let p(o) = 11*o + 26. Let n be p(-3). Let l(z) = -z**3 - 8*z**2 - 9*z + 7. What is l(n)?
21
Let u(c) = c**3 - 13*c**2 + c + 5. Let g = -138 - -151. Calculate u(g).
18
Let z(t) be the first derivative of -t**5/60 - t**4/8 + t**3/3 - 8*t**2 - 14. Let v(p) be the second derivative of z(p). Determine v(-3).
2
Let f = 1772 + -1772. Let s(t) = -3*t**2 - 3*t - 6. Calculate s(f).
-6
Let w(u) = -5*u**2 - 3*u - 8. Let p(n) = 2*n**2 - 1. Let t(k) = 3*p(k) + w(k). Determine t(6).
7
Let h be 3/9*(-1 - -16). Let l(m) = 0 + m + h - 4. Let a(k) = k**3 - 6*k**2 + 2*k - 6. Let t be a(6). Determine l(t).
7
Let h be 6/(3 + -6 + 2). Let x(v) = 4*v + 4. Let l(i) = -2*i - 2. Let p(z) = h*x(z) - 13*l(z). Let a be (9/((-45)/(-10)) - -4)*-1. Give p(a).
-10
Let m(l) = -18*l**2 + 39 - 2*l**3 + 18*l - 130 + 68 + 3*l**3. Give m(17).
-6
Let g = 316 - 309. Suppose 5*x + 5*t = 2*t - 6, x - 3*t - 6 = 0. Let u(i) = x*i - i + i + i. What is u(g)?
7
Let g(y) = -3*y**2 + y. Suppose 14*v - 60 = 8*v. Suppose 0 = 5*h - i - v, 5*h + 0*i - 10 = 3*i. Calculate g(h).
-10
Let b(o) = -o**2 + 0 - 4*o + 0 + 0 + 3. Suppose 0 = -3*f - 6, -5*f = 5*t - 4 - 11. Suppose 5*p = -3*x - 10, -t = -5*p - 0*p. Give b(x).
-2
Let u(m) = -m**2 + 5*m. Let c(k) = 1. Let z(i) = -4*c(i) + u(i). Give z(3).
2
Let b(c) = -c**2 + 3*c - 1. Let m(q) = 0*q**2 + 2*q**2 + 5 - 7*q - 2. Suppose -5*u = -w - 4*u + 9, -u = 4. Let j(a) = w*b(a) + 2*m(a). Determine j(-1).
-1
Suppose 4*k = -4*y - 12, k + k = -6. Let p be (-2)/6 - (-13)/3. Let q(l) = -l - 2*l + 2*l - p + 10. Give q(y).
6
Let n(y) = -y**2 - 5*y - 2. Let c be 9/(-12) - (-46)/8. Let u(h) = 2*h**2 - 2 - h**2 + 1 - c + 8*h. Let v be u(-8). Determine n(v).
-8
Let d(f) = -f**3 + 8*f**2 - 4*f - 15. Let i be d(7). Let t(g) = 9*g + 5*g**3 - 8*g - 6*g**3 - i*g**2 + 3 - 7*g. What is t(-5)?
8
Let v(h) be the third derivative of -h**6/120 - 13*h**5/60 - h**4/2 - 5*h**3/6 - 3*h**2. Let m be v(-12). Let f(s) = s. Give f(m).
-5
Let f(r) be the third derivative of r**6/120 + 13*r**5/60 + 7*r**4/12 + 4*r**3 + 21*r**2 - 9. What is f(-12)?
0
Let v(d) be the second derivative of 5*d**3/6 + d**2/2 - 1723*d. Suppose u + 2 = 1. What is v(u)?
-4
Let a = 1269 - 755. Let c(k) = -a*k + 5 + 513*k + 0. What is c(-5)?
10
Let r(s) = -s**2 - 2*s - 2. Let z = -21 + 25. Suppose -z*p = 2*i - 10, -i + 3*i - 14 = -5*p. Suppose 0 = -y + 1 - p. Determine r(y).
-5
Suppose 0 = -3*u - 5*m + 27 + 7, u - 5*m + 2 = 0. Let v(s) = -s**3 + 9*s**2 - 7*s - 8. Calculate v(u).
0
Let